ime factors of 48191.
11, 13, 337
List the prime factors of 4596.
2, 3, 383
List the prime factors of 45205.
5, 9041
List the prime factors of 1866.
2, 3, 311
What are the prime factors of 706?
2, 353
What are the prime factors of 1330?
2, 5, 7, 19
What are the prime factors of 11545?
5, 2309
What are the prime factors of 24793?
24793
List the prime factors of 2221.
2221
List the prime factors of 41471.
113, 367
What are the prime factors of 19825?
5, 13, 61
List the prime factors of 495.
3, 5, 11
List the prime factors of 2434.
2, 1217
List the prime factors of 1095.
3, 5, 73
What are the prime factors of 1081?
23, 47
List the prime factors of 19758.
2, 3, 37, 89
List the prime factors of 60062.
2, 59, 509
List the prime factors of 2941.
17, 173
What are the prime factors of 4637?
4637
What are the prime factors of 4747?
47, 101
What are the prime factors of 28831?
11, 2621
What are the prime factors of 402?
2, 3, 67
List the prime factors of 1978.
2, 23, 43
What are the prime factors of 647?
647
List the prime factors of 59.
59
What are the prime factors of 431?
431
What are the prime factors of 3293?
37, 89
What are the prime factors of 31285?
5, 6257
What are the prime factors of 44863?
7, 13, 17, 29
What are the prime factors of 122657?
173, 709
List the prime factors of 374.
2, 11, 17
What are the prime factors of 6486?
2, 3, 23, 47
List the prime factors of 848.
2, 53
List the prime factors of 8924.
2, 23, 97
List the prime factors of 3210.
2, 3, 5, 107
What are the prime factors of 7884?
2, 3, 73
What are the prime factors of 77667?
3, 25889
What are the prime factors of 9970?
2, 5, 997
List the prime factors of 3696.
2, 3, 7, 11
What are the prime factors of 23270?
2, 5, 13, 179
What are the prime factors of 26?
2, 13
List the prime factors of 13602.
2, 3, 2267
What are the prime factors of 15526?
2, 7, 1109
What are the prime factors of 72921?
3, 109, 223
What are the prime factors of 4512?
2, 3, 47
List the prime factors of 748.
2, 11, 17
List the prime factors of 29067.
3, 9689
What are the prime factors of 251?
251
List the prime factors of 3128.
2, 17, 23
What are the prime factors of 160?
2, 5
What are the prime factors of 9992?
2, 1249
What are the prime factors of 4422?
2, 3, 11, 67
List the prime factors of 918.
2, 3, 17
List the prime factors of 1509.
3, 503
What are the prime factors of 96405?
3, 5, 6427
What are the prime factors of 648?
2, 3
List the prime factors of 2208.
2, 3, 23
List the prime factors of 1090.
2, 5, 109
List the prime factors of 558.
2, 3, 31
List the prime factors of 5998.
2, 2999
What are the prime factors of 54897?
3, 29, 631
List the prime factors of 5321.
17, 313
List the prime factors of 692.
2, 173
List the prime factors of 4490.
2, 5, 449
List the prime factors of 8387.
8387
What are the prime factors of 411?
3, 137
What are the prime factors of 6778?
2, 3389
What are the prime factors of 955?
5, 191
What are the prime factors of 1589?
7, 227
List the prime factors of 11244.
2, 3, 937
List the prime factors of 997.
997
What are the prime factors of 93788?
2, 23447
What are the prime factors of 22827?
3, 7, 1087
List the prime factors of 3783.
3, 13, 97
List the prime factors of 1432.
2, 179
List the prime factors of 51657.
3, 67, 257
List the prime factors of 2199.
3, 733
What are the prime factors of 1688?
2, 211
List the prime factors of 517.
11, 47
What are the prime factors of 5091?
3, 1697
List the prime factors of 24874.
2, 12437
List the prime factors of 26437.
26437
What are the prime factors of 5998?
2, 2999
What are the prime factors of 8970?
2, 3, 5, 13, 23
List the prime factors of 5307.
3, 29, 61
List the prime factors of 29.
29
What are the prime factors of 5749?
5749
What are the prime factors of 43251?
3, 13, 1109
List the prime factors of 2040.
2, 3, 5, 17
What are the prime factors of 373?
373
List the prime factors of 8310.
2, 3, 5, 277
What are the prime factors of 1721?
1721
List the prime factors of 2567.
17, 151
List the prime factors of 6279.
3, 7, 13, 23
List the prime factors of 6385.
5, 1277
What are the prime factors of 219?
3, 73
What are the prime factors of 404?
2, 101
List the prime factors of 6892.
2, 1723
List the prime factors of 865.
5, 173
What are the prime factors of 2307?
3, 769
List the prime factors of 25364.
2, 17, 373
List the prime factors of 4446.
2, 3, 13, 19
List the prime factors of 34705.
5, 11, 631
What are the prime factors of 94920?
2, 3, 5, 7, 113
List the prime factors of 11998.
2, 7, 857
What are the prime factors of 1227?
3, 409
List the prime factors of 292.
2, 73
List the prime factors of 1771.
7, 11, 23
What are the prime factors of 1565?
5, 313
List the prime factors of 3961.
17, 233
List the prime factors of 189012.
2, 3, 19, 829
List the prime factors of 1255.
5, 251
What are the prime factors of 37998?
2, 3, 2111
List the prime factors of 6731.
53, 127
List the prime factors of 31041.
3, 3449
What are the prime factors of 26329?
113, 233
List the prime factors of 15148.
2, 7, 541
What are the prime factors of 224?
2, 7
List the prime factors of 3556.
2, 7, 127
What are the prime factors of 6022?
2, 3011
What are the prime factors of 219?
3, 73
What are the prime factors of 6008?
2, 751
List the prime factors of 2457.
3, 7, 13
List the prime factors of 6590.
2, 5, 659
List the prime factors of 8981.
7, 1283
What are the prime factors of 5841?
3, 11, 59
List the prime factors of 135437.
167, 811
What are the prime factors of 4477?
11, 37
List the prime factors of 4472.
2, 13, 43
What are the prime factors of 14891?
14891
List the prime factors of 101638.
2, 89, 571
What are the prime factors of 212?
2, 53
What are the prime factors of 3506?
2, 1753
What are the prime factors of 10251?
3, 17, 67
What are the prime factors of 13029?
3, 43, 101
List the prime factors of 5499.
3, 13, 47
List the prime factors of 994.
2, 7, 71
List the prime factors of 653.
653
What are the prime factors of 661?
661
What are the prime factors of 627?
3, 11, 19
What are the prime factors of 12060?
2, 3, 5, 67
List the prime factors of 2039.
2039
List the prime factors of 80377.
11, 7307
List the prime factors of 9.
3
What are the prime factors of 701?
701
What are the prime factors of 425?
5, 17
What are the prime factors of 840?
2, 3, 5, 7
List the prime factors of 4401.
3, 163
List the prime factors of 41340.
2, 3, 5, 13, 53
What are the prime factors of 10527?
3, 11, 29
What are the prime factors of 272?
2, 17
What are the prime factors of 77067?
3, 8563
List the prime factors of 17396.
2, 4349
What are the prime factors of 8733?
3, 41, 71
What are the prime factors of 91644?
2, 3, 7, 1091
List the prime factors of 35416.
2, 19, 233
List the prime factors of 56284.
2, 14071
What are the prime factors of 1530?
2, 3, 5, 17
List the prime factors of 17457.
3, 11, 23
List the prime factors of 22427.
41, 547
What are the prime factors of 10040?
2, 5, 251
What are the prime factors of 35253?
3, 3917
What are the prime factors of 23113?
29, 797
List the prime factors of 650.
2, 5, 13
List the prime factors of 4339.
4339
List the prime factors of 1135.
5, 227
What are the prime factors of 18095?
5, 7, 11, 47
List the prime factors of 940.
2, 5, 47
What are the prime factors of 13250?
2, 5, 53
List the prime factors of 3844.
2, 31
List the prime factors of 4719.
3, 11, 13
List the prime factors of 38989.
127, 307
List the prime factors of 11500.
2, 5, 23
List the prime factors of 2324.
2, 7, 83
List the prime factors of 589.
19, 31
List the prime factors of 28746.
2, 3, 1597
What are the prime factors of 551?
19, 29
What are the prime factors of 2966?
2, 1483
List the prime factors of 189.
3, 7
List the prime factors of 4850.
2, 5, 97
List the prime factors of 36252.
2, 3, 19, 53
List the prime factors of 3165.
3, 5, 211
List the prime factors of 1050.
2, 3, 5, 7
What are the prime factors of 21729?
3, 7243
What are the prime factors of 31841?
17, 1873
List the prime factors of 4230.
2, 3, 5, 47
List the prime factors of 1871.
1871
List the prime factors of 3698.
2, 43
What are the prime factors of 2040?
2, 3, 5, 17
List the prime factors of 27795.
3, 5, 17, 109
List the prime factors of 42200.
2, 5, 211
List the prime factors of 2041.
13, 157
List the prim